{"id":4875,"date":"2024-11-01T09:01:01","date_gmt":"2024-11-01T09:01:01","guid":{"rendered":"https:\/\/montingmontaza.com\/?page_id=4875"},"modified":"2025-05-20T07:39:04","modified_gmt":"2025-05-20T07:39:04","slug":"impresum","status":"publish","type":"page","link":"https:\/\/montingmontaza.com\/index.php\/impresum\/","title":{"rendered":"Impresum"},"content":{"rendered":"\t\t<div data-elementor-type=\"wp-page\" data-elementor-id=\"4875\" class=\"elementor elementor-4875\" data-elementor-post-type=\"page\">\n\t\t\t\t<div class=\"elementor-element elementor-element-77ad522 e-flex e-con-boxed e-con e-parent\" data-id=\"77ad522\" data-element_type=\"container\" data-e-type=\"container\">\n\t\t\t\t\t<div class=\"e-con-inner\">\n\t\t\t\t<div class=\"elementor-element elementor-element-739a01d elementor-widget elementor-widget-text-editor\" data-id=\"739a01d\" data-element_type=\"widget\" data-e-type=\"widget\" data-widget_type=\"text-editor.default\">\n\t\t\t\t<div class=\"elementor-widget-container\">\n\t\t\t\t\t\t\t\t\t<h2><b>IMPRESUM<\/b><\/h2><p>Privredno dru\u0161tvo\u00a0Monting Monta\u017ea \u00a0je upisano u sudski registar u Okru\u017enom Privrednom Sudu u Bijeljini pod brojem 059-0-Reg-24-000 717, 1996. godine. Monting Monta\u017ea \u00a0je dru\u0161tvo sa ograni\u010denom odgovorno\u0161\u0107u.<\/p><p><strong>MONTING MONTA\u017dA doo<br \/><\/strong>Pavlovi\u0107a put 41A<br \/>76300 BIJELJINA<br \/>\u00a0Telefon: +387 55 201 245<br \/>\u00a0E-Mail: <a href=\"mailto:office@montingmontaza.com\">office@montingmontaza.com<\/a><br \/><a href=\"http:\/\/www.montingmontaza.com\">www.montingmontaza.com<\/a><br \/>Zastupnik: Stefan Albijani\u0107<br \/>MBS: 1-4471<br \/>Mati\u010dni broj: 01784811<br \/>PDV: 400417450001, ID: 4400417450001<\/p><p><strong>Poslovna jedinica, SR Njema\u010dka<\/strong><\/p><p>MONTING MONTA\u017dA<br \/>Markstrasse 15-17<br \/>46045 Oberhausen<br \/>Tel. +49 208 82 43 717<br \/><a href=\"mailto:Monting.montaza@gmx.de\">Monting.montaza@gmx.de<\/a><br \/>Zastupnik: Milan Vujadinovi\u0107<\/p><p><strong>Za\u0161tita podataka<br \/><\/strong><a href=\"https:\/\/montingmontaza.com\/index.php\/politika-privatnosti\/\"><strong style=\"font-size: 16px;\">Na Politiku privatnosti<\/strong><\/a><\/p><p><b>Autorska prava<br \/><\/b><span style=\"font-size: 16px;\">Podaci koji se nalaze na ovim stranicama (tekstovi, slikeidrugedatoteke) podlije\u017e uautorskimpravima. Svaprava, uklju\u010duju\u0107i prava na reprodukciju, umno\u017eavanje I distribuciju (\u010dak I djelimi\u010dno), su zadr\u017eana.<\/span><\/p>\t\t\t\t\t\t\t\t<\/div>\n\t\t\t\t<\/div>\n\t\t\t\t\t<\/div>\n\t\t\t\t<\/div>\n\t\t\t\t<\/div>\n\t\t\n    <div class=\"xs_social_share_widget xs_share_url after_content \t\tmain_content  wslu-style-1 wslu-share-box-shaped wslu-fill-colored wslu-none wslu-share-horizontal wslu-theme-font-no wslu-main_content\">\n\n\t\t\n        <ul>\n\t\t\t        <\/ul>\n    <\/div> \n","protected":false},"excerpt":{"rendered":"<p>IMPRESUM Privredno dru\u0161tvo\u00a0Monting Monta\u017ea \u00a0je upisano u sudski registar u Okru\u017enom Privrednom Sudu u Bijeljini pod brojem 059-0-Reg-24-000 717, 1996. godine. Monting Monta\u017ea \u00a0je dru\u0161tvo sa ograni\u010denom odgovorno\u0161\u0107u. MONTING MONTA\u017dA dooPavlovi\u0107a put 41A76300 BIJELJINA\u00a0Telefon: +387 55 201 245\u00a0E-Mail: office@montingmontaza.comwww.montingmontaza.comZastupnik: Stefan Albijani\u0107MBS: 1-4471Mati\u010dni broj: 01784811PDV: 400417450001, ID: 4400417450001 Poslovna jedinica, SR<\/p>\n","protected":false},"author":1,"featured_media":0,"parent":0,"menu_order":0,"comment_status":"closed","ping_status":"closed","template":"","meta":{"footnotes":""},"class_list":["post-4875","page","type-page","status-publish","hentry"],"_links":{"self":[{"href":"https:\/\/montingmontaza.com\/index.php\/wp-json\/wp\/v2\/pages\/4875","targetHints":{"allow":["GET"]}}],"collection":[{"href":"https:\/\/montingmontaza.com\/index.php\/wp-json\/wp\/v2\/pages"}],"about":[{"href":"https:\/\/montingmontaza.com\/index.php\/wp-json\/wp\/v2\/types\/page"}],"author":[{"embeddable":true,"href":"https:\/\/montingmontaza.com\/index.php\/wp-json\/wp\/v2\/users\/1"}],"replies":[{"embeddable":true,"href":"https:\/\/montingmontaza.com\/index.php\/wp-json\/wp\/v2\/comments?post=4875"}],"version-history":[{"count":26,"href":"https:\/\/montingmontaza.com\/index.php\/wp-json\/wp\/v2\/pages\/4875\/revisions"}],"predecessor-version":[{"id":6061,"href":"https:\/\/montingmontaza.com\/index.php\/wp-json\/wp\/v2\/pages\/4875\/revisions\/6061"}],"wp:attachment":[{"href":"https:\/\/montingmontaza.com\/index.php\/wp-json\/wp\/v2\/media?parent=4875"}],"curies":[{"name":"wp","href":"https:\/\/api.w.org\/{rel}","templated":true}]}}